{"id":12904,"date":"2024-12-16T08:58:21","date_gmt":"2024-12-16T07:58:21","guid":{"rendered":"https:\/\/osobdravinji.splet.arnes.si\/?page_id=12904"},"modified":"2025-01-10T10:37:02","modified_gmt":"2025-01-10T09:37:02","slug":"videonadzor","status":"publish","type":"page","link":"https:\/\/www.osobdravinji.si\/?page_id=12904","title":{"rendered":"VIDEONADZOR"},"content":{"rendered":"\n<figure class=\"wp-block-image size-full\"><img loading=\"lazy\" decoding=\"async\" width=\"192\" height=\"262\" src=\"https:\/\/www.osobdravinji.si\/files\/2025\/01\/1.jpg\" alt=\"\" class=\"wp-image-13025\" \/><\/figure>\n\n\n\n<p>Obve\u0161\u010damo vas, da se na obmo\u010dju osnovne \u0161ole Ob Dravinji izvaja videonadzor.<\/p>\n\n\n\n<p>Videonadzor izvaja osnovna \u0161ola Ob Dravinji, ki jo zastopa ravnateljica mag. Nevenka Brdnik. Zavod je tudi upravljavec osebnih podatkov.<\/p>\n\n\n\n<p>Videonadzor se izvaja z namenom zavarovanja ljudi in premo\u017eenja na obmo\u010dju osnovne \u0161ole Ob Dravinji.<\/p>\n\n\n\n<p>Informacije o izvajanju videonadzora lahko pridobite na tel. \u0161t. 03 757 27 30 ali po elektronski po\u0161ti info@osobdravinji.si.<\/p>\n\n\n\n<p>Posnetki videonadzornega sistema se shranjujejo do zapolnitve kapacitet shranjevalnega medija, a ne ve\u010d kot 9 mesecev..<\/p>\n\n\n\n<p>Kontakti poobla\u0161\u010dene osebe za varstvo osebnih podatkov: Center za pravno pomo\u010d d.o.o., dosegljiv na tel. \u0161t. 031 581 444&nbsp; ali 05 934 09 12 oz. e-po\u0161ti katja@czpp.si Podatki v zvezi s poobla\u0161\u010deno osebo so objavljeni tudi na spletni strani zavoda pod razdelkom varstvo osebnih podatkov.<\/p>\n\n\n\n<p>Pravna podlaga za obdelavo osebnih podatkov: obdelava je potrebna zaradi zakonitih interesov, za katere si prizadeva upravljavec (\u010dlen 6(1) to\u010dka (e) Splo\u0161ne uredbe o varstvu osebnih podatkov).<\/p>\n\n\n\n<p>Uporabniki ali kategorije uporabnikov osebnih podatkov, \u010de obstajajo:z osebnimi podatki, ki se obdelujejo na podlagi videonadzora se sre\u010duje ravnatelj in\/ali od njega poobla\u0161\u010dena oseba, zunanji poobla\u0161\u010deni izvajalec videonadzornega sistema (ne obstaja), po potrebi organi pregona in druge institucije, ki za dostop do osebnih podatkov izka\u017eejo ustrezno pravno podlago.<\/p>\n\n\n\n<p>informacije o posebnih vplivih obdelave, zlasti nadaljnje obdelave: zavod osebne podatke obdeluje izklju\u010dno za potrebe izvajanja videonadzora, z namenom varovanja ljudi in premo\u017eenja.<\/p>\n\n\n\n<p>Videonadzor omogo\u010da tudi spremljanje slike v \u017eivo, pri \u010demer mo\u017enost zvo\u010dne intervencije <a>ni <\/a><a href=\"#_msocom_1\">[KT1]<\/a>&nbsp;mogo\u010da.<\/p>\n\n\n\n<p>Informacije o prenosih osebnih podatkov v tretjo dr\u017eavo ali mednarodno organizacijo: osebni podatki se ne prena\u0161ajo v tretjo dr\u017eavo.<\/p>\n\n\n\n<p>Informacije o obstoju pravic posameznika, da lahko zahteva dostop do osebnih podatkov in popravek ali izbris osebnih podatkov ali omejitev, ali obstoj pravice do ugovora obdelavi in pravice do prenosljivosti podatkov: posameznik lahko uveljavlja pravice v zvezi z varstvom osebnih podatkov preko elektronskega naslova info@osobdravinji.si<\/p>\n\n\n\n<p>Informacija o pravici do preklica privolitve, kadar obdelava temelji na privolitvi: Privolitev\/izjavo lahko kadar koli prekli\u010dete, ne da bi to vplivalo na zakonitost obdelave podatkov, ki se je na podlagi privolitve izvajala do njenega preklica, in sicer na elektronski naslov: info@osobdravinji.si. V konkretnem primeru je pravna podlaga za izvajanje videonadzora \u010dlen 6(1) to\u010dka (e) Splo\u0161ne uredbe o varstvu osebnih podatkov in ne privolitev.<\/p>\n\n\n\n<p>Informacija o pravici do vlo\u017eitve prito\u017ebe pri nadzornem organu: Prito\u017ebo lahko podate&nbsp; Informacijskemu poobla\u0161\u010dencu (naslov: Dunajska 22, 1000 Ljubljana, e-naslov: <a href=\"mailto:gp.ip@ip-rs.si\">gp.ip@ip-rs.si<\/a> telefon: 012309730, spletna stran: <a href=\"http:\/\/www.ip-rs.si\">www.ip-rs.si<\/a>).<\/p>\n\n\n\n<hr class=\"wp-block-separator has-alpha-channel-opacity\" \/>\n\n\n<div class=\"wp-block-image\">\n<figure class=\"aligncenter size-full\"><img loading=\"lazy\" decoding=\"async\" width=\"625\" height=\"443\" src=\"https:\/\/www.osobdravinji.si\/files\/2025\/01\/slika-kamere.png\" alt=\"\" class=\"wp-image-13026\" srcset=\"https:\/\/www.osobdravinji.si\/files\/2025\/01\/slika-kamere.png 625w, https:\/\/www.osobdravinji.si\/files\/2025\/01\/slika-kamere-300x213.png 300w\" sizes=\"auto, (max-width: 625px) 100vw, 625px\" \/><\/figure>\n<\/div>","protected":false},"excerpt":{"rendered":"<p>Obve\u0161\u010damo vas, da se na obmo\u010dju osnovne \u0161ole Ob Dravinji izvaja videonadzor. Videonadzor izvaja osnovna \u0161ola Ob Dravinji, ki jo zastopa ravnateljica mag. Nevenka Brdnik. Zavod je tudi upravljavec osebnih podatkov. Videonadzor se izvaja z namenom zavarovanja ljudi in premo\u017eenja na obmo\u010dju osnovne \u0161ole Ob Dravinji. Informacije o izvajanju videonadzora lahko pridobite na tel. \u0161t. 03 757 27 30 ali po elektronski po\u0161ti info@osobdravinji.si. Posnetki videonadzornega sistema se shranjujejo do zapolnitve kapacitet shranjevalnega medija, a ne ve\u010d kot 9 mesecev.. Kontakti poobla\u0161\u010dene osebe za varstvo osebnih podatkov: Center za pravno pomo\u010d d.o.o., dosegljiv na tel. \u0161t. 031 581 444&nbsp; ali [&hellip;]<\/p>\n","protected":false},"author":35617,"featured_media":0,"parent":0,"menu_order":0,"comment_status":"closed","ping_status":"closed","template":"","meta":{"footnotes":""},"class_list":["post-12904","page","type-page","status-publish","hentry"],"_links":{"self":[{"href":"https:\/\/www.osobdravinji.si\/index.php?rest_route=\/wp\/v2\/pages\/12904","targetHints":{"allow":["GET"]}}],"collection":[{"href":"https:\/\/www.osobdravinji.si\/index.php?rest_route=\/wp\/v2\/pages"}],"about":[{"href":"https:\/\/www.osobdravinji.si\/index.php?rest_route=\/wp\/v2\/types\/page"}],"author":[{"embeddable":true,"href":"https:\/\/www.osobdravinji.si\/index.php?rest_route=\/wp\/v2\/users\/35617"}],"replies":[{"embeddable":true,"href":"https:\/\/www.osobdravinji.si\/index.php?rest_route=%2Fwp%2Fv2%2Fcomments&post=12904"}],"version-history":[{"count":3,"href":"https:\/\/www.osobdravinji.si\/index.php?rest_route=\/wp\/v2\/pages\/12904\/revisions"}],"predecessor-version":[{"id":13028,"href":"https:\/\/www.osobdravinji.si\/index.php?rest_route=\/wp\/v2\/pages\/12904\/revisions\/13028"}],"wp:attachment":[{"href":"https:\/\/www.osobdravinji.si\/index.php?rest_route=%2Fwp%2Fv2%2Fmedia&parent=12904"}],"curies":[{"name":"wp","href":"https:\/\/api.w.org\/{rel}","templated":true}]}}